[INFO] cloning repository https://github.com/ampersand-lang/etc-rs
[INFO] running `Command { std: "git" "-c" "credential.helper=" "-c" "credential.helper=/workspace/cargo-home/bin/git-credential-null" "clone" "--bare" "https://github.com/ampersand-lang/etc-rs" "/workspace/cache/git-repos/https%3A%2F%2Fgithub.com%2Fampersand-lang%2Fetc-rs", kill_on_drop: false }`
[INFO] [stderr] Cloning into bare repository '/workspace/cache/git-repos/https%3A%2F%2Fgithub.com%2Fampersand-lang%2Fetc-rs'...
[INFO] running `Command { std: "git" "rev-parse" "HEAD", kill_on_drop: false }`
[INFO] [stdout] ecabf3225954dc24fdab8c4d75c72d240af0df3f
[INFO] building ampersand-lang/etc-rs against master#881c1ac408d93bb7adaa3a51dabab9266e82eee8 for issue-85264
[INFO] running `Command { std: "git" "clone" "/workspace/cache/git-repos/https%3A%2F%2Fgithub.com%2Fampersand-lang%2Fetc-rs" "/workspace/builds/worker-10/source", kill_on_drop: false }`
[INFO] [stderr] Cloning into '/workspace/builds/worker-10/source'...
[INFO] [stderr] done.
[INFO] validating manifest of git repo https://github.com/ampersand-lang/etc-rs on toolchain 881c1ac408d93bb7adaa3a51dabab9266e82eee8
[INFO] running `Command { std: "/workspace/cargo-home/bin/cargo" "+881c1ac408d93bb7adaa3a51dabab9266e82eee8" "metadata" "--manifest-path" "Cargo.toml" "--no-deps", kill_on_drop: false }`
[INFO] removed /workspace/builds/worker-10/source/.cargo/config
[INFO] started tweaking git repo https://github.com/ampersand-lang/etc-rs
[INFO] finished tweaking git repo https://github.com/ampersand-lang/etc-rs
[INFO] tweaked toml for git repo https://github.com/ampersand-lang/etc-rs written to /workspace/builds/worker-10/source/Cargo.toml
[INFO] crate git repo https://github.com/ampersand-lang/etc-rs already has a lockfile, it will not be regenerated
[INFO] running `Command { std: "/workspace/cargo-home/bin/cargo" "+881c1ac408d93bb7adaa3a51dabab9266e82eee8" "fetch" "--manifest-path" "Cargo.toml", kill_on_drop: false }`
[INFO] [stderr]  Downloading crates ...
[INFO] [stderr]   Downloaded proc-macro2 v1.0.21
[INFO] [stderr]   Downloaded hashbrown v0.9.0
[INFO] running `Command { std: "docker" "create" "-v" "/var/lib/crater-agent-workspace/builds/worker-10/target:/opt/rustwide/target:rw,Z" "-v" "/var/lib/crater-agent-workspace/builds/worker-10/source:/opt/rustwide/workdir:ro,Z" "-v" "/var/lib/crater-agent-workspace/cargo-home:/opt/rustwide/cargo-home:ro,Z" "-v" "/var/lib/crater-agent-workspace/rustup-home:/opt/rustwide/rustup-home:ro,Z" "-e" "SOURCE_DIR=/opt/rustwide/workdir" "-e" "CARGO_TARGET_DIR=/opt/rustwide/target" "-e" "CARGO_HOME=/opt/rustwide/cargo-home" "-e" "RUSTUP_HOME=/opt/rustwide/rustup-home" "-w" "/opt/rustwide/workdir" "-m" "1610612736" "--user" "0:0" "--network" "none" "ghcr.io/rust-lang/crates-build-env/linux@sha256:20528e8c29e4536546f0102ce88568b16ea7538393a33fcca951030f7af10457" "/opt/rustwide/cargo-home/bin/cargo" "+881c1ac408d93bb7adaa3a51dabab9266e82eee8" "metadata" "--no-deps" "--format-version=1", kill_on_drop: false }`
[INFO] [stdout] 9d7d90eb9400b8a28d1e9db97f739dfa9bfa965815452f04f624c208eaffadc4
[INFO] [stderr] WARNING: Your kernel does not support swap limit capabilities or the cgroup is not mounted. Memory limited without swap.
[INFO] running `Command { std: "docker" "start" "-a" "9d7d90eb9400b8a28d1e9db97f739dfa9bfa965815452f04f624c208eaffadc4", kill_on_drop: false }`
[INFO] running `Command { std: "docker" "inspect" "9d7d90eb9400b8a28d1e9db97f739dfa9bfa965815452f04f624c208eaffadc4", kill_on_drop: false }`
[INFO] running `Command { std: "docker" "rm" "-f" "9d7d90eb9400b8a28d1e9db97f739dfa9bfa965815452f04f624c208eaffadc4", kill_on_drop: false }`
[INFO] [stdout] 9d7d90eb9400b8a28d1e9db97f739dfa9bfa965815452f04f624c208eaffadc4
[INFO] running `Command { std: "docker" "create" "-v" "/var/lib/crater-agent-workspace/builds/worker-10/target:/opt/rustwide/target:rw,Z" "-v" "/var/lib/crater-agent-workspace/builds/worker-10/source:/opt/rustwide/workdir:ro,Z" "-v" "/var/lib/crater-agent-workspace/cargo-home:/opt/rustwide/cargo-home:ro,Z" "-v" "/var/lib/crater-agent-workspace/rustup-home:/opt/rustwide/rustup-home:ro,Z" "-e" "SOURCE_DIR=/opt/rustwide/workdir" "-e" "CARGO_TARGET_DIR=/opt/rustwide/target" "-e" "CARGO_INCREMENTAL=0" "-e" "RUST_BACKTRACE=full" "-e" "RUSTFLAGS=--cap-lints=forbid" "-e" "CARGO_HOME=/opt/rustwide/cargo-home" "-e" "RUSTUP_HOME=/opt/rustwide/rustup-home" "-w" "/opt/rustwide/workdir" "-m" "1610612736" "--user" "0:0" "--network" "none" "ghcr.io/rust-lang/crates-build-env/linux@sha256:20528e8c29e4536546f0102ce88568b16ea7538393a33fcca951030f7af10457" "/opt/rustwide/cargo-home/bin/cargo" "+881c1ac408d93bb7adaa3a51dabab9266e82eee8" "build" "--frozen" "--message-format=json", kill_on_drop: false }`
[INFO] [stdout] aad40224a2a88ae2c717c5e217e1f7da35fc51d8118ecb3745df837e1f2a464a
[INFO] [stderr] WARNING: Your kernel does not support swap limit capabilities or the cgroup is not mounted. Memory limited without swap.
[INFO] running `Command { std: "docker" "start" "-a" "aad40224a2a88ae2c717c5e217e1f7da35fc51d8118ecb3745df837e1f2a464a", kill_on_drop: false }`
[INFO] [stderr]    Compiling autocfg v1.0.1
[INFO] [stderr]    Compiling cfg-if v0.1.10
[INFO] [stderr]    Compiling lazy_static v1.4.0
[INFO] [stderr]    Compiling unicode-xid v0.2.1
[INFO] [stderr]    Compiling syn v1.0.40
[INFO] [stderr]    Compiling maybe-uninit v2.0.0
[INFO] [stderr]    Compiling serde v1.0.116
[INFO] [stderr]    Compiling scopeguard v1.1.0
[INFO] [stderr]    Compiling adler v0.2.3
[INFO] [stderr]    Compiling gimli v0.22.0
[INFO] [stderr]    Compiling rayon-core v1.8.0
[INFO] [stderr]    Compiling object v0.20.0
[INFO] [stderr]    Compiling rustc-demangle v0.1.16
[INFO] [stderr]    Compiling instant v0.1.6
[INFO] [stderr]    Compiling smallvec v1.4.2
[INFO] [stderr]    Compiling bitflags v1.2.1
[INFO] [stderr]    Compiling either v1.6.0
[INFO] [stderr]    Compiling ahash v0.4.4
[INFO] [stderr]    Compiling termios v0.3.2
[INFO] [stderr]    Compiling num_cpus v1.13.0
[INFO] [stderr]    Compiling getrandom v0.1.15
[INFO] [stderr]    Compiling miniz_oxide v0.4.1
[INFO] [stderr]    Compiling clicolors-control v1.0.1
[INFO] [stderr]    Compiling proc-macro2 v1.0.21
[INFO] [stderr]    Compiling lock_api v0.4.1
[INFO] [stderr]    Compiling rand_core v0.5.1
[INFO] [stderr]    Compiling hashbrown v0.9.0
[INFO] [stderr]    Compiling parking_lot_core v0.8.0
[INFO] [stderr]    Compiling console v0.9.2
[INFO] [stderr]    Compiling num-traits v0.2.12
[INFO] [stderr]    Compiling crossbeam-utils v0.7.2
[INFO] [stderr]    Compiling memoffset v0.5.5
[INFO] [stderr]    Compiling num-integer v0.1.43
[INFO] [stderr]    Compiling crossbeam-epoch v0.8.2
[INFO] [stderr]    Compiling num-bigint v0.3.0
[INFO] [stderr]    Compiling num-iter v0.1.41
[INFO] [stderr]    Compiling num-rational v0.3.0
[INFO] [stderr]    Compiling rayon v1.4.0
[INFO] [stderr]    Compiling rand_chacha v0.2.2
[INFO] [stderr]    Compiling parking_lot v0.11.0
[INFO] [stderr]    Compiling quote v1.0.7
[INFO] [stderr]    Compiling rand v0.7.3
[INFO] [stderr]    Compiling crossbeam-channel v0.4.4
[INFO] [stderr]    Compiling addr2line v0.13.0
[INFO] [stderr]    Compiling crossbeam-deque v0.7.3
[INFO] [stderr]    Compiling uuid v0.8.1
[INFO] [stderr]    Compiling backtrace v0.3.50
[INFO] [stderr]    Compiling num-complex v0.3.0
[INFO] [stderr]    Compiling better-panic v0.2.0
[INFO] [stderr]    Compiling synstructure v0.12.4
[INFO] [stderr]    Compiling toml v0.5.6
[INFO] [stderr]    Compiling num v0.3.0
[INFO] [stderr]    Compiling failure_derive v0.1.8
[INFO] [stderr]    Compiling derivative v2.1.1
[INFO] [stderr]    Compiling proc-macro-crate v0.1.5
[INFO] [stderr]    Compiling failure v0.1.8
[INFO] [stderr]    Compiling num_enum_derive v0.5.1
[INFO] [stderr]    Compiling num_enum v0.5.1
[INFO] [stderr]    Compiling etc-rs v0.1.0 (/opt/rustwide/workdir)
[INFO] [stdout] warning: field is never read: `require_intrinsic`
[INFO] [stdout]   --> src/builder.rs:79:5
[INFO] [stdout]    |
[INFO] [stdout] 79 |     require_intrinsic: bool,
[INFO] [stdout]    |     ^^^^^^^^^^^^^^^^^^^^^^^
[INFO] [stdout]    |
[INFO] [stdout]    = note: `#[warn(dead_code)]` on by default
[INFO] [stdout] 
[INFO] [stdout] 
[INFO] [stdout] warning: field is never read: `require_runtime`
[INFO] [stdout]   --> src/builder.rs:80:5
[INFO] [stdout]    |
[INFO] [stdout] 80 |     require_runtime: bool,
[INFO] [stdout]    |     ^^^^^^^^^^^^^^^^^^^^^
[INFO] [stdout] 
[INFO] [stdout] 
[INFO] [stdout] warning: 2 warnings emitted
[INFO] [stdout] 
[INFO] [stdout] 
[INFO] [stderr]     Finished dev [unoptimized + debuginfo] target(s) in 45.18s
[INFO] running `Command { std: "docker" "inspect" "aad40224a2a88ae2c717c5e217e1f7da35fc51d8118ecb3745df837e1f2a464a", kill_on_drop: false }`
[INFO] running `Command { std: "docker" "rm" "-f" "aad40224a2a88ae2c717c5e217e1f7da35fc51d8118ecb3745df837e1f2a464a", kill_on_drop: false }`
[INFO] [stdout] aad40224a2a88ae2c717c5e217e1f7da35fc51d8118ecb3745df837e1f2a464a
[INFO] running `Command { std: "docker" "create" "-v" "/var/lib/crater-agent-workspace/builds/worker-10/target:/opt/rustwide/target:rw,Z" "-v" "/var/lib/crater-agent-workspace/builds/worker-10/source:/opt/rustwide/workdir:ro,Z" "-v" "/var/lib/crater-agent-workspace/cargo-home:/opt/rustwide/cargo-home:ro,Z" "-v" "/var/lib/crater-agent-workspace/rustup-home:/opt/rustwide/rustup-home:ro,Z" "-e" "SOURCE_DIR=/opt/rustwide/workdir" "-e" "CARGO_TARGET_DIR=/opt/rustwide/target" "-e" "CARGO_INCREMENTAL=0" "-e" "RUST_BACKTRACE=full" "-e" "RUSTFLAGS=--cap-lints=forbid" "-e" "CARGO_HOME=/opt/rustwide/cargo-home" "-e" "RUSTUP_HOME=/opt/rustwide/rustup-home" "-w" "/opt/rustwide/workdir" "-m" "1610612736" "--user" "0:0" "--network" "none" "ghcr.io/rust-lang/crates-build-env/linux@sha256:20528e8c29e4536546f0102ce88568b16ea7538393a33fcca951030f7af10457" "/opt/rustwide/cargo-home/bin/cargo" "+881c1ac408d93bb7adaa3a51dabab9266e82eee8" "test" "--frozen" "--no-run" "--message-format=json", kill_on_drop: false }`
[INFO] [stdout] 248058302e66dcaf1f154367c004be0f7c17bbcd6e10e035828f6b749773753b
[INFO] [stderr] WARNING: Your kernel does not support swap limit capabilities or the cgroup is not mounted. Memory limited without swap.
[INFO] running `Command { std: "docker" "start" "-a" "248058302e66dcaf1f154367c004be0f7c17bbcd6e10e035828f6b749773753b", kill_on_drop: false }`
[INFO] [stderr]    Compiling etc-rs v0.1.0 (/opt/rustwide/workdir)
[INFO] [stdout] warning: field is never read: `require_intrinsic`
[INFO] [stdout]   --> src/builder.rs:79:5
[INFO] [stdout]    |
[INFO] [stdout] 79 |     require_intrinsic: bool,
[INFO] [stdout]    |     ^^^^^^^^^^^^^^^^^^^^^^^
[INFO] [stdout]    |
[INFO] [stdout]    = note: `#[warn(dead_code)]` on by default
[INFO] [stdout] 
[INFO] [stdout] 
[INFO] [stdout] warning: field is never read: `require_runtime`
[INFO] [stdout]   --> src/builder.rs:80:5
[INFO] [stdout]    |
[INFO] [stdout] 80 |     require_runtime: bool,
[INFO] [stdout]    |     ^^^^^^^^^^^^^^^^^^^^^
[INFO] [stdout] 
[INFO] [stdout] 
[INFO] [stdout] warning: 2 warnings emitted
[INFO] [stdout] 
[INFO] [stdout] 
[INFO] [stdout] error[E0308]: mismatched types
[INFO] [stdout]    --> src/lexer/mod.rs:753:43
[INFO] [stdout]     |
[INFO] [stdout] 753 |         for elem in Lexer::new("lex", "", world.resources::<(&mut String, &mut Location)>()) {
[INFO] [stdout]     |                                           ^^^^^^^^^^^^^^^^^^^^^^^^^^^^^^^^^^^^^^^^^^^^^^^^^ expected a tuple with 3 elements, found one with 2 elements
[INFO] [stdout]     |
[INFO] [stdout]     = note: expected struct `assets::Resources<(&mut String, &mut lexer::Location, &ReaderMacro)>`
[INFO] [stdout]                found struct `assets::Resources<(&mut String, &mut lexer::Location)>`
[INFO] [stdout] 
[INFO] [stdout] 
[INFO] [stdout] error[E0308]: mismatched types
[INFO] [stdout]    --> src/lexer/mod.rs:760:13
[INFO] [stdout]     |
[INFO] [stdout] 760 |             world.resources::<(&mut String, &mut Location)>(),
[INFO] [stdout]     |             ^^^^^^^^^^^^^^^^^^^^^^^^^^^^^^^^^^^^^^^^^^^^^^^^^ expected a tuple with 3 elements, found one with 2 elements
[INFO] [stdout]     |
[INFO] [stdout]     = note: expected struct `assets::Resources<(&mut String, &mut lexer::Location, &ReaderMacro)>`
[INFO] [stdout]                found struct `assets::Resources<(&mut String, &mut lexer::Location)>`
[INFO] [stdout] 
[INFO] [stdout] 
[INFO] [stdout] error[E0308]: mismatched types
[INFO] [stdout]    --> src/lexer/mod.rs:768:13
[INFO] [stdout]     |
[INFO] [stdout] 768 |             world.resources::<(&mut String, &mut Location)>(),
[INFO] [stdout]     |             ^^^^^^^^^^^^^^^^^^^^^^^^^^^^^^^^^^^^^^^^^^^^^^^^^ expected a tuple with 3 elements, found one with 2 elements
[INFO] [stdout]     |
[INFO] [stdout]     = note: expected struct `assets::Resources<(&mut String, &mut lexer::Location, &ReaderMacro)>`
[INFO] [stdout]                found struct `assets::Resources<(&mut String, &mut lexer::Location)>`
[INFO] [stdout] 
[INFO] [stdout] 
[INFO] [stdout] error[E0615]: attempted to take value of method `resources` on type `assets::World`
[INFO] [stdout]    --> src/lir/mod.rs:848:60
[INFO] [stdout]     |
[INFO] [stdout] 848 |         let (_, mut ctx) = ExecutionContext::builder(world.resources > (), Target::default())
[INFO] [stdout]     |                                                            ^^^^^^^^^ method, not a field
[INFO] [stdout]     |
[INFO] [stdout] help: use parentheses to call the method
[INFO] [stdout]     |
[INFO] [stdout] 848 |         let (_, mut ctx) = ExecutionContext::builder(world.resources() > (), Target::default())
[INFO] [stdout]     |                                                                     ^^
[INFO] [stdout] 
[INFO] [stdout] 
[INFO] [stdout] error[E0308]: mismatched types
[INFO] [stdout]    --> src/lir/mod.rs:848:54
[INFO] [stdout]     |
[INFO] [stdout] 848 |         let (_, mut ctx) = ExecutionContext::builder(world.resources > (), Target::default())
[INFO] [stdout]     |                                                      ^^^^^^^^^^^^^^^^^^^^ expected struct `assets::Resources`, found `bool`
[INFO] [stdout]     |
[INFO] [stdout]     = note: expected struct `assets::Resources<&mut types::NamedType>`
[INFO] [stdout]                  found type `bool`
[INFO] [stdout] 
[INFO] [stdout] 
[INFO] [stdout] error[E0308]: mismatched types
[INFO] [stdout]    --> src/lir/mod.rs:852:20
[INFO] [stdout]     |
[INFO] [stdout] 852 |             .build(&mut main)
[INFO] [stdout]     |                    ^^^^^^^^^ expected struct `lir::FuncId`, found integer
[INFO] [stdout]     |
[INFO] [stdout]     = note: expected mutable reference `&mut lir::FuncId`
[INFO] [stdout]                found mutable reference `&mut {integer}`
[INFO] [stdout] 
[INFO] [stdout] 
[INFO] [stdout] error[E0308]: mismatched types
[INFO] [stdout]    --> src/lir/mod.rs:859:17
[INFO] [stdout]     |
[INFO] [stdout] 859 |                 main,
[INFO] [stdout]     |                 ^^^^ expected struct `lir::FuncId`, found integer
[INFO] [stdout] 
[INFO] [stdout] 
[INFO] [stdout] error[E0308]: mismatched types
[INFO] [stdout]    --> src/lir/mod.rs:854:9
[INFO] [stdout]     |
[INFO] [stdout] 854 | /         assert_eq!(
[INFO] [stdout] 855 | |             ctx.call(
[INFO] [stdout] 856 | |                 &mut lazy,
[INFO] [stdout] 857 | |                 &world.resources(),
[INFO] [stdout] ...   |
[INFO] [stdout] 863 | |             Value::Uint(5)
[INFO] [stdout] 864 | |         );
[INFO] [stdout]     | |__________^ expected struct `lir::TypedValue`, found enum `lir::Value`
[INFO] [stdout]     |
[INFO] [stdout]     = note: this error originates in a macro (in Nightly builds, run with -Z macro-backtrace for more info)
[INFO] [stdout] 
[INFO] [stdout] 
[INFO] [stdout] error[E0308]: mismatched types
[INFO] [stdout]    --> src/lir/backend/amd64/codegen/mod.rs:907:36
[INFO] [stdout]     |
[INFO] [stdout] 907 |             .build_call(start, bb, "main".to_string(), TypeInfo::new(8, 8), &[])
[INFO] [stdout]     |                                    ^^^^^^^^^^^^^^^^^^
[INFO] [stdout]     |                                    |
[INFO] [stdout]     |                                    expected enum `codegen::Argument`, found struct `String`
[INFO] [stdout]     |                                    help: try using a variant of the expected enum: `codegen::Argument::Identifier("main".to_string())`
[INFO] [stdout] 
[INFO] [stdout] 
[INFO] [stdout] error[E0599]: no function or associated item named `new` found for struct `codegen::BasicBlock` in the current scope
[INFO] [stdout]    --> src/lir/backend/amd64/codegen/linscan.rs:155:39
[INFO] [stdout]     |
[INFO] [stdout] 155 |             Lifetime::new(BasicBlock::new(0), 1),
[INFO] [stdout]     |                                       ^^^ function or associated item not found in `codegen::BasicBlock`
[INFO] [stdout]     | 
[INFO] [stdout]    ::: src/lir/backend/amd64/codegen/mod.rs:534:1
[INFO] [stdout]     |
[INFO] [stdout] 534 | pub struct BasicBlock(u64);
[INFO] [stdout]     | --------------------------- function or associated item `new` not found for this
[INFO] [stdout]     |
[INFO] [stdout]     = help: items from traits can only be used if the trait is implemented and in scope
[INFO] [stdout]     = note: the following traits define an item `new`, perhaps you need to implement one of them:
[INFO] [stdout]             candidate #1: `parking_lot_core::thread_parker::ThreadParkerT`
[INFO] [stdout]             candidate #2: `UniformSampler`
[INFO] [stdout]             candidate #3: `gimli::read::lookup::PubStuffEntry`
[INFO] [stdout] 
[INFO] [stdout] 
[INFO] [stdout] error[E0599]: no function or associated item named `new` found for struct `codegen::BasicBlock` in the current scope
[INFO] [stdout]    --> src/lir/backend/amd64/codegen/linscan.rs:156:39
[INFO] [stdout]     |
[INFO] [stdout] 156 |             Lifetime::new(BasicBlock::new(0), 10),
[INFO] [stdout]     |                                       ^^^ function or associated item not found in `codegen::BasicBlock`
[INFO] [stdout]     | 
[INFO] [stdout]    ::: src/lir/backend/amd64/codegen/mod.rs:534:1
[INFO] [stdout]     |
[INFO] [stdout] 534 | pub struct BasicBlock(u64);
[INFO] [stdout]     | --------------------------- function or associated item `new` not found for this
[INFO] [stdout]     |
[INFO] [stdout]     = help: items from traits can only be used if the trait is implemented and in scope
[INFO] [stdout]     = note: the following traits define an item `new`, perhaps you need to implement one of them:
[INFO] [stdout]             candidate #1: `parking_lot_core::thread_parker::ThreadParkerT`
[INFO] [stdout]             candidate #2: `UniformSampler`
[INFO] [stdout]             candidate #3: `gimli::read::lookup::PubStuffEntry`
[INFO] [stdout] 
[INFO] [stdout] 
[INFO] [stdout] error[E0599]: no function or associated item named `new` found for struct `codegen::BasicBlock` in the current scope
[INFO] [stdout]    --> src/lir/backend/amd64/codegen/linscan.rs:161:39
[INFO] [stdout]     |
[INFO] [stdout] 161 |             Lifetime::new(BasicBlock::new(0), 1),
[INFO] [stdout]     |                                       ^^^ function or associated item not found in `codegen::BasicBlock`
[INFO] [stdout]     | 
[INFO] [stdout]    ::: src/lir/backend/amd64/codegen/mod.rs:534:1
[INFO] [stdout]     |
[INFO] [stdout] 534 | pub struct BasicBlock(u64);
[INFO] [stdout]     | --------------------------- function or associated item `new` not found for this
[INFO] [stdout]     |
[INFO] [stdout]     = help: items from traits can only be used if the trait is implemented and in scope
[INFO] [stdout]     = note: the following traits define an item `new`, perhaps you need to implement one of them:
[INFO] [stdout]             candidate #1: `parking_lot_core::thread_parker::ThreadParkerT`
[INFO] [stdout]             candidate #2: `UniformSampler`
[INFO] [stdout]             candidate #3: `gimli::read::lookup::PubStuffEntry`
[INFO] [stdout] 
[INFO] [stdout] 
[INFO] [stdout] error[E0599]: no function or associated item named `new` found for struct `codegen::BasicBlock` in the current scope
[INFO] [stdout]    --> src/lir/backend/amd64/codegen/linscan.rs:162:39
[INFO] [stdout]     |
[INFO] [stdout] 162 |             Lifetime::new(BasicBlock::new(0), 7),
[INFO] [stdout]     |                                       ^^^ function or associated item not found in `codegen::BasicBlock`
[INFO] [stdout]     | 
[INFO] [stdout]    ::: src/lir/backend/amd64/codegen/mod.rs:534:1
[INFO] [stdout]     |
[INFO] [stdout] 534 | pub struct BasicBlock(u64);
[INFO] [stdout]     | --------------------------- function or associated item `new` not found for this
[INFO] [stdout]     |
[INFO] [stdout]     = help: items from traits can only be used if the trait is implemented and in scope
[INFO] [stdout]     = note: the following traits define an item `new`, perhaps you need to implement one of them:
[INFO] [stdout]             candidate #1: `parking_lot_core::thread_parker::ThreadParkerT`
[INFO] [stdout]             candidate #2: `UniformSampler`
[INFO] [stdout]             candidate #3: `gimli::read::lookup::PubStuffEntry`
[INFO] [stdout] 
[INFO] [stdout] 
[INFO] [stdout] error[E0599]: no function or associated item named `new` found for struct `codegen::BasicBlock` in the current scope
[INFO] [stdout]    --> src/lir/backend/amd64/codegen/linscan.rs:167:39
[INFO] [stdout]     |
[INFO] [stdout] 167 |             Lifetime::new(BasicBlock::new(0), 3),
[INFO] [stdout]     |                                       ^^^ function or associated item not found in `codegen::BasicBlock`
[INFO] [stdout]     | 
[INFO] [stdout]    ::: src/lir/backend/amd64/codegen/mod.rs:534:1
[INFO] [stdout]     |
[INFO] [stdout] 534 | pub struct BasicBlock(u64);
[INFO] [stdout]     | --------------------------- function or associated item `new` not found for this
[INFO] [stdout]     |
[INFO] [stdout]     = help: items from traits can only be used if the trait is implemented and in scope
[INFO] [stdout]     = note: the following traits define an item `new`, perhaps you need to implement one of them:
[INFO] [stdout]             candidate #1: `parking_lot_core::thread_parker::ThreadParkerT`
[INFO] [stdout]             candidate #2: `UniformSampler`
[INFO] [stdout]             candidate #3: `gimli::read::lookup::PubStuffEntry`
[INFO] [stdout] 
[INFO] [stdout] 
[INFO] [stdout] error[E0599]: no function or associated item named `new` found for struct `codegen::BasicBlock` in the current scope
[INFO] [stdout]    --> src/lir/backend/amd64/codegen/linscan.rs:168:39
[INFO] [stdout]     |
[INFO] [stdout] 168 |             Lifetime::new(BasicBlock::new(0), 6),
[INFO] [stdout]     |                                       ^^^ function or associated item not found in `codegen::BasicBlock`
[INFO] [stdout]     | 
[INFO] [stdout]    ::: src/lir/backend/amd64/codegen/mod.rs:534:1
[INFO] [stdout]     |
[INFO] [stdout] 534 | pub struct BasicBlock(u64);
[INFO] [stdout]     | --------------------------- function or associated item `new` not found for this
[INFO] [stdout]     |
[INFO] [stdout]     = help: items from traits can only be used if the trait is implemented and in scope
[INFO] [stdout]     = note: the following traits define an item `new`, perhaps you need to implement one of them:
[INFO] [stdout]             candidate #1: `parking_lot_core::thread_parker::ThreadParkerT`
[INFO] [stdout]             candidate #2: `UniformSampler`
[INFO] [stdout]             candidate #3: `gimli::read::lookup::PubStuffEntry`
[INFO] [stdout] 
[INFO] [stdout] 
[INFO] [stdout] error[E0599]: no function or associated item named `new` found for struct `codegen::BasicBlock` in the current scope
[INFO] [stdout]    --> src/lir/backend/amd64/codegen/linscan.rs:173:39
[INFO] [stdout]     |
[INFO] [stdout] 173 |             Lifetime::new(BasicBlock::new(0), 7),
[INFO] [stdout]     |                                       ^^^ function or associated item not found in `codegen::BasicBlock`
[INFO] [stdout]     | 
[INFO] [stdout]    ::: src/lir/backend/amd64/codegen/mod.rs:534:1
[INFO] [stdout]     |
[INFO] [stdout] 534 | pub struct BasicBlock(u64);
[INFO] [stdout]     | --------------------------- function or associated item `new` not found for this
[INFO] [stdout]     |
[INFO] [stdout]     = help: items from traits can only be used if the trait is implemented and in scope
[INFO] [stdout]     = note: the following traits define an item `new`, perhaps you need to implement one of them:
[INFO] [stdout]             candidate #1: `parking_lot_core::thread_parker::ThreadParkerT`
[INFO] [stdout]             candidate #2: `UniformSampler`
[INFO] [stdout]             candidate #3: `gimli::read::lookup::PubStuffEntry`
[INFO] [stdout] 
[INFO] [stdout] 
[INFO] [stdout] error[E0599]: no function or associated item named `new` found for struct `codegen::BasicBlock` in the current scope
[INFO] [stdout]    --> src/lir/backend/amd64/codegen/linscan.rs:174:39
[INFO] [stdout]     |
[INFO] [stdout] 174 |             Lifetime::new(BasicBlock::new(0), 10),
[INFO] [stdout]     |                                       ^^^ function or associated item not found in `codegen::BasicBlock`
[INFO] [stdout]     | 
[INFO] [stdout]    ::: src/lir/backend/amd64/codegen/mod.rs:534:1
[INFO] [stdout]     |
[INFO] [stdout] 534 | pub struct BasicBlock(u64);
[INFO] [stdout]     | --------------------------- function or associated item `new` not found for this
[INFO] [stdout]     |
[INFO] [stdout]     = help: items from traits can only be used if the trait is implemented and in scope
[INFO] [stdout]     = note: the following traits define an item `new`, perhaps you need to implement one of them:
[INFO] [stdout]             candidate #1: `parking_lot_core::thread_parker::ThreadParkerT`
[INFO] [stdout]             candidate #2: `UniformSampler`
[INFO] [stdout]             candidate #3: `gimli::read::lookup::PubStuffEntry`
[INFO] [stdout] 
[INFO] [stdout] 
[INFO] [stdout] error[E0599]: no function or associated item named `new` found for struct `codegen::BasicBlock` in the current scope
[INFO] [stdout]    --> src/lir/backend/amd64/codegen/linscan.rs:179:39
[INFO] [stdout]     |
[INFO] [stdout] 179 |             Lifetime::new(BasicBlock::new(0), 6),
[INFO] [stdout]     |                                       ^^^ function or associated item not found in `codegen::BasicBlock`
[INFO] [stdout]     | 
[INFO] [stdout]    ::: src/lir/backend/amd64/codegen/mod.rs:534:1
[INFO] [stdout]     |
[INFO] [stdout] 534 | pub struct BasicBlock(u64);
[INFO] [stdout]     | --------------------------- function or associated item `new` not found for this
[INFO] [stdout]     |
[INFO] [stdout]     = help: items from traits can only be used if the trait is implemented and in scope
[INFO] [stdout]     = note: the following traits define an item `new`, perhaps you need to implement one of them:
[INFO] [stdout]             candidate #1: `parking_lot_core::thread_parker::ThreadParkerT`
[INFO] [stdout]             candidate #2: `UniformSampler`
[INFO] [stdout]             candidate #3: `gimli::read::lookup::PubStuffEntry`
[INFO] [stdout] 
[INFO] [stdout] 
[INFO] [stdout] error[E0599]: no function or associated item named `new` found for struct `codegen::BasicBlock` in the current scope
[INFO] [stdout]    --> src/lir/backend/amd64/codegen/linscan.rs:180:39
[INFO] [stdout]     |
[INFO] [stdout] 180 |             Lifetime::new(BasicBlock::new(0), 8),
[INFO] [stdout]     |                                       ^^^ function or associated item not found in `codegen::BasicBlock`
[INFO] [stdout]     | 
[INFO] [stdout]    ::: src/lir/backend/amd64/codegen/mod.rs:534:1
[INFO] [stdout]     |
[INFO] [stdout] 534 | pub struct BasicBlock(u64);
[INFO] [stdout]     | --------------------------- function or associated item `new` not found for this
[INFO] [stdout]     |
[INFO] [stdout]     = help: items from traits can only be used if the trait is implemented and in scope
[INFO] [stdout]     = note: the following traits define an item `new`, perhaps you need to implement one of them:
[INFO] [stdout]             candidate #1: `parking_lot_core::thread_parker::ThreadParkerT`
[INFO] [stdout]             candidate #2: `UniformSampler`
[INFO] [stdout]             candidate #3: `gimli::read::lookup::PubStuffEntry`
[INFO] [stdout] 
[INFO] [stdout] 
[INFO] [stdout] error[E0599]: no function or associated item named `new` found for struct `codegen::BasicBlock` in the current scope
[INFO] [stdout]    --> src/lir/backend/amd64/codegen/linscan.rs:195:39
[INFO] [stdout]     |
[INFO] [stdout] 195 |             Lifetime::new(BasicBlock::new(0), 1),
[INFO] [stdout]     |                                       ^^^ function or associated item not found in `codegen::BasicBlock`
[INFO] [stdout]     | 
[INFO] [stdout]    ::: src/lir/backend/amd64/codegen/mod.rs:534:1
[INFO] [stdout]     |
[INFO] [stdout] 534 | pub struct BasicBlock(u64);
[INFO] [stdout]     | --------------------------- function or associated item `new` not found for this
[INFO] [stdout]     |
[INFO] [stdout]     = help: items from traits can only be used if the trait is implemented and in scope
[INFO] [stdout]     = note: the following traits define an item `new`, perhaps you need to implement one of them:
[INFO] [stdout]             candidate #1: `parking_lot_core::thread_parker::ThreadParkerT`
[INFO] [stdout]             candidate #2: `UniformSampler`
[INFO] [stdout]             candidate #3: `gimli::read::lookup::PubStuffEntry`
[INFO] [stdout] 
[INFO] [stdout] 
[INFO] [stdout] error[E0599]: no function or associated item named `new` found for struct `codegen::BasicBlock` in the current scope
[INFO] [stdout]    --> src/lir/backend/amd64/codegen/linscan.rs:196:39
[INFO] [stdout]     |
[INFO] [stdout] 196 |             Lifetime::new(BasicBlock::new(3), 10),
[INFO] [stdout]     |                                       ^^^ function or associated item not found in `codegen::BasicBlock`
[INFO] [stdout]     | 
[INFO] [stdout]    ::: src/lir/backend/amd64/codegen/mod.rs:534:1
[INFO] [stdout]     |
[INFO] [stdout] 534 | pub struct BasicBlock(u64);
[INFO] [stdout]     | --------------------------- function or associated item `new` not found for this
[INFO] [stdout]     |
[INFO] [stdout]     = help: items from traits can only be used if the trait is implemented and in scope
[INFO] [stdout]     = note: the following traits define an item `new`, perhaps you need to implement one of them:
[INFO] [stdout]             candidate #1: `parking_lot_core::thread_parker::ThreadParkerT`
[INFO] [stdout]             candidate #2: `UniformSampler`
[INFO] [stdout]             candidate #3: `gimli::read::lookup::PubStuffEntry`
[INFO] [stdout] 
[INFO] [stdout] 
[INFO] [stdout] error[E0599]: no function or associated item named `new` found for struct `codegen::BasicBlock` in the current scope
[INFO] [stdout]    --> src/lir/backend/amd64/codegen/linscan.rs:201:39
[INFO] [stdout]     |
[INFO] [stdout] 201 |             Lifetime::new(BasicBlock::new(1), 4),
[INFO] [stdout]     |                                       ^^^ function or associated item not found in `codegen::BasicBlock`
[INFO] [stdout]     | 
[INFO] [stdout]    ::: src/lir/backend/amd64/codegen/mod.rs:534:1
[INFO] [stdout]     |
[INFO] [stdout] 534 | pub struct BasicBlock(u64);
[INFO] [stdout]     | --------------------------- function or associated item `new` not found for this
[INFO] [stdout]     |
[INFO] [stdout]     = help: items from traits can only be used if the trait is implemented and in scope
[INFO] [stdout]     = note: the following traits define an item `new`, perhaps you need to implement one of them:
[INFO] [stdout]             candidate #1: `parking_lot_core::thread_parker::ThreadParkerT`
[INFO] [stdout]             candidate #2: `UniformSampler`
[INFO] [stdout]             candidate #3: `gimli::read::lookup::PubStuffEntry`
[INFO] [stdout] 
[INFO] [stdout] 
[INFO] [stdout] error[E0599]: no function or associated item named `new` found for struct `codegen::BasicBlock` in the current scope
[INFO] [stdout]    --> src/lir/backend/amd64/codegen/linscan.rs:202:39
[INFO] [stdout]     |
[INFO] [stdout] 202 |             Lifetime::new(BasicBlock::new(1), 5),
[INFO] [stdout]     |                                       ^^^ function or associated item not found in `codegen::BasicBlock`
[INFO] [stdout]     | 
[INFO] [stdout]    ::: src/lir/backend/amd64/codegen/mod.rs:534:1
[INFO] [stdout]     |
[INFO] [stdout] 534 | pub struct BasicBlock(u64);
[INFO] [stdout]     | --------------------------- function or associated item `new` not found for this
[INFO] [stdout]     |
[INFO] [stdout]     = help: items from traits can only be used if the trait is implemented and in scope
[INFO] [stdout]     = note: the following traits define an item `new`, perhaps you need to implement one of them:
[INFO] [stdout]             candidate #1: `parking_lot_core::thread_parker::ThreadParkerT`
[INFO] [stdout]             candidate #2: `UniformSampler`
[INFO] [stdout]             candidate #3: `gimli::read::lookup::PubStuffEntry`
[INFO] [stdout] 
[INFO] [stdout] 
[INFO] [stdout] error[E0599]: no function or associated item named `new` found for struct `codegen::BasicBlock` in the current scope
[INFO] [stdout]    --> src/lir/backend/amd64/codegen/linscan.rs:207:39
[INFO] [stdout]     |
[INFO] [stdout] 207 |             Lifetime::new(BasicBlock::new(2), 6),
[INFO] [stdout]     |                                       ^^^ function or associated item not found in `codegen::BasicBlock`
[INFO] [stdout]     | 
[INFO] [stdout]    ::: src/lir/backend/amd64/codegen/mod.rs:534:1
[INFO] [stdout]     |
[INFO] [stdout] 534 | pub struct BasicBlock(u64);
[INFO] [stdout]     | --------------------------- function or associated item `new` not found for this
[INFO] [stdout]     |
[INFO] [stdout]     = help: items from traits can only be used if the trait is implemented and in scope
[INFO] [stdout]     = note: the following traits define an item `new`, perhaps you need to implement one of them:
[INFO] [stdout]             candidate #1: `parking_lot_core::thread_parker::ThreadParkerT`
[INFO] [stdout]             candidate #2: `UniformSampler`
[INFO] [stdout]             candidate #3: `gimli::read::lookup::PubStuffEntry`
[INFO] [stdout] 
[INFO] [stdout] 
[INFO] [stdout] error[E0599]: no function or associated item named `new` found for struct `codegen::BasicBlock` in the current scope
[INFO] [stdout]    --> src/lir/backend/amd64/codegen/linscan.rs:208:39
[INFO] [stdout]     |
[INFO] [stdout] 208 |             Lifetime::new(BasicBlock::new(2), 7),
[INFO] [stdout]     |                                       ^^^ function or associated item not found in `codegen::BasicBlock`
[INFO] [stdout]     | 
[INFO] [stdout]    ::: src/lir/backend/amd64/codegen/mod.rs:534:1
[INFO] [stdout]     |
[INFO] [stdout] 534 | pub struct BasicBlock(u64);
[INFO] [stdout]     | --------------------------- function or associated item `new` not found for this
[INFO] [stdout]     |
[INFO] [stdout]     = help: items from traits can only be used if the trait is implemented and in scope
[INFO] [stdout]     = note: the following traits define an item `new`, perhaps you need to implement one of them:
[INFO] [stdout]             candidate #1: `parking_lot_core::thread_parker::ThreadParkerT`
[INFO] [stdout]             candidate #2: `UniformSampler`
[INFO] [stdout]             candidate #3: `gimli::read::lookup::PubStuffEntry`
[INFO] [stdout] 
[INFO] [stdout] 
[INFO] [stdout] error[E0308]: mismatched types
[INFO] [stdout]    --> src/parser/grammar.rs:576:17
[INFO] [stdout]     |
[INFO] [stdout] 576 |                 world.resources::<(&mut String, &mut Location)>(),
[INFO] [stdout]     |                 ^^^^^^^^^^^^^^^^^^^^^^^^^^^^^^^^^^^^^^^^^^^^^^^^^ expected a tuple with 3 elements, found one with 2 elements
[INFO] [stdout]     |
[INFO] [stdout]     = note: expected struct `assets::Resources<(&mut String, &mut lexer::Location, &ReaderMacro)>`
[INFO] [stdout]                found struct `assets::Resources<(&mut String, &mut lexer::Location)>`
[INFO] [stdout] 
[INFO] [stdout] 
[INFO] [stdout] error[E0308]: mismatched types
[INFO] [stdout]    --> src/parser/grammar.rs:586:17
[INFO] [stdout]     |
[INFO] [stdout] 586 |                 world.resources::<(&mut String, &mut Location)>(),
[INFO] [stdout]     |                 ^^^^^^^^^^^^^^^^^^^^^^^^^^^^^^^^^^^^^^^^^^^^^^^^^ expected a tuple with 3 elements, found one with 2 elements
[INFO] [stdout]     |
[INFO] [stdout]     = note: expected struct `assets::Resources<(&mut String, &mut lexer::Location, &ReaderMacro)>`
[INFO] [stdout]                found struct `assets::Resources<(&mut String, &mut lexer::Location)>`
[INFO] [stdout] 
[INFO] [stdout] 
[INFO] [stdout] error[E0308]: mismatched types
[INFO] [stdout]    --> src/parser/grammar.rs:596:17
[INFO] [stdout]     |
[INFO] [stdout] 596 |                 world.resources::<(&mut String, &mut Location)>(),
[INFO] [stdout]     |                 ^^^^^^^^^^^^^^^^^^^^^^^^^^^^^^^^^^^^^^^^^^^^^^^^^ expected a tuple with 3 elements, found one with 2 elements
[INFO] [stdout]     |
[INFO] [stdout]     = note: expected struct `assets::Resources<(&mut String, &mut lexer::Location, &ReaderMacro)>`
[INFO] [stdout]                found struct `assets::Resources<(&mut String, &mut lexer::Location)>`
[INFO] [stdout] 
[INFO] [stdout] 
[INFO] [stdout] error: aborting due to 28 previous errors
[INFO] [stdout] 
[INFO] [stdout] 
[INFO] [stdout] Some errors have detailed explanations: E0308, E0599, E0615.
[INFO] [stdout] 
[INFO] [stdout] For more information about an error, try `rustc --explain E0308`.
[INFO] [stdout] 
[INFO] [stderr] error: could not compile `etc-rs`
[INFO] [stderr] 
[INFO] [stderr] To learn more, run the command again with --verbose.
[INFO] running `Command { std: "docker" "inspect" "248058302e66dcaf1f154367c004be0f7c17bbcd6e10e035828f6b749773753b", kill_on_drop: false }`
[INFO] running `Command { std: "docker" "rm" "-f" "248058302e66dcaf1f154367c004be0f7c17bbcd6e10e035828f6b749773753b", kill_on_drop: false }`
[INFO] [stdout] 248058302e66dcaf1f154367c004be0f7c17bbcd6e10e035828f6b749773753b
